{"id":543,"date":"2025-11-03T22:37:39","date_gmt":"2025-11-04T01:37:39","guid":{"rendered":"https:\/\/netoconstrutor.com.br\/?page_id=543"},"modified":"2025-11-03T22:51:36","modified_gmt":"2025-11-04T01:51:36","slug":"dicas-e-novidades","status":"publish","type":"page","link":"https:\/\/netoconstrutor.com.br\/?page_id=543","title":{"rendered":"Dicas e Novidades"},"content":{"rendered":"\t\t<div data-elementor-type=\"wp-page\" data-elementor-id=\"543\" class=\"elementor elementor-543\" data-elementor-post-type=\"page\">\n\t\t\t\t<div class=\"elementor-element elementor-element-62f1a59b e-flex e-con-boxed e-con e-parent\" data-id=\"62f1a59b\" data-element_type=\"container\" data-settings=\"{&quot;background_background&quot;:&quot;classic&quot;}\">\n\t\t\t\t\t<div class=\"e-con-inner\">\n\t\t<div class=\"elementor-element elementor-element-688f2959 e-flex e-con-boxed e-con e-child\" data-id=\"688f2959\" data-element_type=\"container\">\n\t\t\t\t\t<div class=\"e-con-inner\">\n\t\t\t\t<div class=\"elementor-element elementor-element-12401a20 elementor-widget elementor-widget-heading\" data-id=\"12401a20\" data-element_type=\"widget\" data-widget_type=\"heading.default\">\n\t\t\t\t\t<h1 class=\"elementor-heading-title elementor-size-default\">Dicas e Novidades<\/h1>\t\t\t\t<\/div>\n\t\t\t\t\t<\/div>\n\t\t\t\t<\/div>\n\t\t\t\t\t<\/div>\n\t\t\t\t<\/div>\n\t\t<div class=\"elementor-element elementor-element-3775520b e-flex e-con-boxed e-con e-parent\" data-id=\"3775520b\" data-element_type=\"container\">\n\t\t\t\t\t<div class=\"e-con-inner\">\n\t\t<div class=\"elementor-element elementor-element-357cec44 e-flex e-con-boxed e-con e-child\" data-id=\"357cec44\" data-element_type=\"container\">\n\t\t\t\t\t<div class=\"e-con-inner\">\n\t\t\t\t<div class=\"elementor-element elementor-element-593072ff elementor-grid-3 elementor-grid-tablet-2 elementor-grid-mobile-1 elementor-posts--thumbnail-top elementor-card-shadow-yes elementor-posts__hover-gradient elementor-widget elementor-widget-posts\" data-id=\"593072ff\" data-element_type=\"widget\" data-settings=\"{&quot;cards_row_gap&quot;:{&quot;unit&quot;:&quot;px&quot;,&quot;size&quot;:28,&quot;sizes&quot;:[]},&quot;cards_columns&quot;:&quot;3&quot;,&quot;cards_columns_tablet&quot;:&quot;2&quot;,&quot;cards_columns_mobile&quot;:&quot;1&quot;,&quot;cards_row_gap_tablet&quot;:{&quot;unit&quot;:&quot;px&quot;,&quot;size&quot;:&quot;&quot;,&quot;sizes&quot;:[]},&quot;cards_row_gap_mobile&quot;:{&quot;unit&quot;:&quot;px&quot;,&quot;size&quot;:&quot;&quot;,&quot;sizes&quot;:[]}}\" data-widget_type=\"posts.cards\">\n\t\t\t\t<div class=\"elementor-widget-container\">\n\t\t\t\t\t\t\t<div class=\"elementor-posts-container elementor-posts elementor-posts--skin-cards elementor-grid\">\n\t\t\t\t<article class=\"elementor-post elementor-grid-item post-979 post type-post status-publish format-standard has-post-thumbnail hentry category-venda\">\n\t\t\t<div class=\"elementor-post__card\">\n\t\t\t\t<a class=\"elementor-post__thumbnail__link\" href=\"https:\/\/netoconstrutor.com.br\/?p=979\" tabindex=\"-1\" ><div class=\"elementor-post__thumbnail\"><img fetchpriority=\"high\" decoding=\"async\" width=\"1183\" height=\"2560\" src=\"https:\/\/netoconstrutor.com.br\/wp-content\/uploads\/2025\/11\/WhatsApp-Image-2025-11-05-at-14.41.41-scaled.jpeg\" class=\"attachment-full size-full wp-image-908\" alt=\"\" srcset=\"https:\/\/netoconstrutor.com.br\/wp-content\/uploads\/2025\/11\/WhatsApp-Image-2025-11-05-at-14.41.41-scaled.jpeg 1183w, https:\/\/netoconstrutor.com.br\/wp-content\/uploads\/2025\/11\/WhatsApp-Image-2025-11-05-at-14.41.41-139x300.jpeg 139w, https:\/\/netoconstrutor.com.br\/wp-content\/uploads\/2025\/11\/WhatsApp-Image-2025-11-05-at-14.41.41-473x1024.jpeg 473w, https:\/\/netoconstrutor.com.br\/wp-content\/uploads\/2025\/11\/WhatsApp-Image-2025-11-05-at-14.41.41-768x1662.jpeg 768w, https:\/\/netoconstrutor.com.br\/wp-content\/uploads\/2025\/11\/WhatsApp-Image-2025-11-05-at-14.41.41-710x1536.jpeg 710w, https:\/\/netoconstrutor.com.br\/wp-content\/uploads\/2025\/11\/WhatsApp-Image-2025-11-05-at-14.41.41-946x2048.jpeg 946w\" sizes=\"(max-width: 1183px) 100vw, 1183px\" \/><\/div><\/a>\n\t\t\t\t<div class=\"elementor-post__badge\">Venda<\/div>\n\t\t\t\t<div class=\"elementor-post__text\">\n\t\t\t\t<div class=\"elementor-post__title\">\n\t\t\t<a href=\"https:\/\/netoconstrutor.com.br\/?p=979\" >\n\t\t\t\tCasa \u00e0 venda no CONDOM\u00cdNIO ATLANTIS , GAR\u00c7A TORTA , Macei\u00f3, AL\t\t\t<\/a>\n\t\t<\/div>\n\t\t\t\t<div class=\"elementor-post__excerpt\">\n\t\t\t<p>Casa exclusiva, no Litoral Norte de Macei\u00f3. No Condom\u00ednio Atlantis, onde voc\u00ea ter\u00e1 seguran\u00e7a, tranquilidade e contato com a natureza. A resid\u00eancia impressiona, pois s\u00e3o<\/p>\n\t\t<\/div>\n\t\t\t\t<\/div>\n\t\t\t\t<div class=\"elementor-post__meta-data\">\n\t\t\t\t\t<span class=\"elementor-post-date\">\n\t\t\t20 de novembro de 2025\t\t<\/span>\n\t\t\t\t<\/div>\n\t\t\t\t\t<\/div>\n\t\t<\/article>\n\t\t\t\t<article class=\"elementor-post elementor-grid-item post-961 post type-post status-publish format-standard has-post-thumbnail hentry category-venda\">\n\t\t\t<div class=\"elementor-post__card\">\n\t\t\t\t<a class=\"elementor-post__thumbnail__link\" href=\"https:\/\/netoconstrutor.com.br\/?p=961\" tabindex=\"-1\" ><div class=\"elementor-post__thumbnail\"><img decoding=\"async\" width=\"800\" height=\"944\" src=\"https:\/\/netoconstrutor.com.br\/wp-content\/uploads\/2025\/11\/Design-sem-nome-26.png\" class=\"attachment-full size-full wp-image-362\" alt=\"\" srcset=\"https:\/\/netoconstrutor.com.br\/wp-content\/uploads\/2025\/11\/Design-sem-nome-26.png 800w, https:\/\/netoconstrutor.com.br\/wp-content\/uploads\/2025\/11\/Design-sem-nome-26-254x300.png 254w, https:\/\/netoconstrutor.com.br\/wp-content\/uploads\/2025\/11\/Design-sem-nome-26-768x906.png 768w\" sizes=\"(max-width: 800px) 100vw, 800px\" \/><\/div><\/a>\n\t\t\t\t<div class=\"elementor-post__badge\">Venda<\/div>\n\t\t\t\t<div class=\"elementor-post__text\">\n\t\t\t\t<div class=\"elementor-post__title\">\n\t\t\t<a href=\"https:\/\/netoconstrutor.com.br\/?p=961\" >\n\t\t\t\tVilla Guaru\u00e7\u00e1 &#8211; Studios de 42m\u00b2 na Praia de Porto da Rua em S\u00e3o Miguel dos Milagres\t\t\t<\/a>\n\t\t<\/div>\n\t\t\t\t<div class=\"elementor-post__excerpt\">\n\t\t\t<p>bairro Praia de Porto da Rua, 1 dormit\u00f3rio, 1 banheiro, \u00e1rea \u00fatil 42,00 m\u00b2 Descri\u00e7\u00e3o do Im\u00f3vel \u00c9 um condom\u00ednio de apartamentos de alto padr\u00e3o<\/p>\n\t\t<\/div>\n\t\t\t\t<\/div>\n\t\t\t\t<div class=\"elementor-post__meta-data\">\n\t\t\t\t\t<span class=\"elementor-post-date\">\n\t\t\t6 de novembro de 2025\t\t<\/span>\n\t\t\t\t<\/div>\n\t\t\t\t\t<\/div>\n\t\t<\/article>\n\t\t\t\t<article class=\"elementor-post elementor-grid-item post-925 post type-post status-publish format-standard has-post-thumbnail hentry category-venda tag-maceioalagoas\">\n\t\t\t<div class=\"elementor-post__card\">\n\t\t\t\t<a class=\"elementor-post__thumbnail__link\" href=\"https:\/\/netoconstrutor.com.br\/?p=925\" tabindex=\"-1\" ><div class=\"elementor-post__thumbnail\"><img decoding=\"async\" width=\"375\" height=\"500\" src=\"https:\/\/netoconstrutor.com.br\/wp-content\/uploads\/2025\/11\/0b118f66-0908-4e54-8805-1e0a7470c43d.jpg\" class=\"attachment-full size-full wp-image-926\" alt=\"\" srcset=\"https:\/\/netoconstrutor.com.br\/wp-content\/uploads\/2025\/11\/0b118f66-0908-4e54-8805-1e0a7470c43d.jpg 375w, https:\/\/netoconstrutor.com.br\/wp-content\/uploads\/2025\/11\/0b118f66-0908-4e54-8805-1e0a7470c43d-225x300.jpg 225w\" sizes=\"(max-width: 375px) 100vw, 375px\" \/><\/div><\/a>\n\t\t\t\t<div class=\"elementor-post__badge\">Venda<\/div>\n\t\t\t\t<div class=\"elementor-post__text\">\n\t\t\t\t<div class=\"elementor-post__title\">\n\t\t\t<a href=\"https:\/\/netoconstrutor.com.br\/?p=925\" >\n\t\t\t\tCasa Cond Atlantis| Alto padrao e vista panor\u00e2mica\t\t\t<\/a>\n\t\t<\/div>\n\t\t\t\t<div class=\"elementor-post__excerpt\">\n\t\t\t<p>Casa de Alto Padr\u00e3o \u00e0 Venda Condom\u00ednio Residencial Atlantis | Litoral Norte Macei\u00f3\/AL Diferenciais do Im\u00f3vel: Terreno: 1.010,23m\u00b2 \u00c1rea constru\u00edda: 758m\u00b2 5 su\u00edtes, sendo 2<\/p>\n\t\t<\/div>\n\t\t\t\t<\/div>\n\t\t\t\t<div class=\"elementor-post__meta-data\">\n\t\t\t\t\t<span class=\"elementor-post-date\">\n\t\t\t5 de novembro de 2025\t\t<\/span>\n\t\t\t\t<\/div>\n\t\t\t\t\t<\/div>\n\t\t<\/article>\n\t\t\t\t<article class=\"elementor-post elementor-grid-item post-586 post type-post status-publish format-standard has-post-thumbnail hentry category-dicas\">\n\t\t\t<div class=\"elementor-post__card\">\n\t\t\t\t<a class=\"elementor-post__thumbnail__link\" href=\"https:\/\/netoconstrutor.com.br\/?p=586\" tabindex=\"-1\" ><div class=\"elementor-post__thumbnail\"><img loading=\"lazy\" decoding=\"async\" width=\"850\" height=\"560\" src=\"https:\/\/netoconstrutor.com.br\/wp-content\/uploads\/2025\/11\/IMG_3907_2025-11-04-173428_dgcs.jpeg\" class=\"attachment-full size-full wp-image-587\" alt=\"\" srcset=\"https:\/\/netoconstrutor.com.br\/wp-content\/uploads\/2025\/11\/IMG_3907_2025-11-04-173428_dgcs.jpeg 850w, https:\/\/netoconstrutor.com.br\/wp-content\/uploads\/2025\/11\/IMG_3907_2025-11-04-173428_dgcs-300x198.jpeg 300w, https:\/\/netoconstrutor.com.br\/wp-content\/uploads\/2025\/11\/IMG_3907_2025-11-04-173428_dgcs-768x506.jpeg 768w\" sizes=\"(max-width: 850px) 100vw, 850px\" \/><\/div><\/a>\n\t\t\t\t<div class=\"elementor-post__badge\">Dicas<\/div>\n\t\t\t\t<div class=\"elementor-post__text\">\n\t\t\t\t<div class=\"elementor-post__title\">\n\t\t\t<a href=\"https:\/\/netoconstrutor.com.br\/?p=586\" >\n\t\t\t\tCadeira Gigante ganha vida nova com estrutura repaginada na orla de Ponta Verde\t\t\t<\/a>\n\t\t<\/div>\n\t\t\t\t<div class=\"elementor-post__excerpt\">\n\t\t\t<p>Com a troca, local continua atraindo muitos visitantes que contam com mais seguran\u00e7a A famosa cadeira gigante da orla mar\u00edtima de Macei\u00f3 passou por uma<\/p>\n\t\t<\/div>\n\t\t\t\t<\/div>\n\t\t\t\t<div class=\"elementor-post__meta-data\">\n\t\t\t\t\t<span class=\"elementor-post-date\">\n\t\t\t4 de novembro de 2025\t\t<\/span>\n\t\t\t\t<\/div>\n\t\t\t\t\t<\/div>\n\t\t<\/article>\n\t\t\t\t<article class=\"elementor-post elementor-grid-item post-552 post type-post status-publish format-standard has-post-thumbnail hentry category-dicas\">\n\t\t\t<div class=\"elementor-post__card\">\n\t\t\t\t<a class=\"elementor-post__thumbnail__link\" href=\"https:\/\/netoconstrutor.com.br\/?p=552\" tabindex=\"-1\" ><div class=\"elementor-post__thumbnail\"><img loading=\"lazy\" decoding=\"async\" width=\"639\" height=\"695\" src=\"https:\/\/netoconstrutor.com.br\/wp-content\/uploads\/2025\/11\/Roda-gigante.png\" class=\"attachment-full size-full wp-image-553\" alt=\"\" srcset=\"https:\/\/netoconstrutor.com.br\/wp-content\/uploads\/2025\/11\/Roda-gigante.png 639w, https:\/\/netoconstrutor.com.br\/wp-content\/uploads\/2025\/11\/Roda-gigante-276x300.png 276w\" sizes=\"(max-width: 639px) 100vw, 639px\" \/><\/div><\/a>\n\t\t\t\t<div class=\"elementor-post__badge\">Dicas<\/div>\n\t\t\t\t<div class=\"elementor-post__text\">\n\t\t\t\t<div class=\"elementor-post__title\">\n\t\t\t<a href=\"https:\/\/netoconstrutor.com.br\/?p=552\" >\n\t\t\t\tRoda Gigante Panor\u00e2mica em Macei\u00f3: Novo Atrativo Tur\u00edstico na Praia de Paju\u00e7ara\t\t\t<\/a>\n\t\t<\/div>\n\t\t\t\t<div class=\"elementor-post__excerpt\">\n\t\t\t<p>A Prefeitura de Macei\u00f3 anunciou um novo e belo monumento para a&nbsp;Praia de Paju\u00e7ara: a primeira roda-gigante panor\u00e2mica do Nordeste. Com uma altura imponente de<\/p>\n\t\t<\/div>\n\t\t\t\t<\/div>\n\t\t\t\t<div class=\"elementor-post__meta-data\">\n\t\t\t\t\t<span class=\"elementor-post-date\">\n\t\t\t3 de novembro de 2025\t\t<\/span>\n\t\t\t\t<\/div>\n\t\t\t\t\t<\/div>\n\t\t<\/article>\n\t\t\t\t<article class=\"elementor-post elementor-grid-item post-540 post type-post status-publish format-standard has-post-thumbnail hentry category-dicas\">\n\t\t\t<div class=\"elementor-post__card\">\n\t\t\t\t<a class=\"elementor-post__thumbnail__link\" href=\"https:\/\/netoconstrutor.com.br\/?p=540\" tabindex=\"-1\" ><div class=\"elementor-post__thumbnail\"><img loading=\"lazy\" decoding=\"async\" width=\"1920\" height=\"1080\" src=\"https:\/\/netoconstrutor.com.br\/wp-content\/uploads\/2025\/11\/miguel.png\" class=\"attachment-full size-full wp-image-541\" alt=\"\" srcset=\"https:\/\/netoconstrutor.com.br\/wp-content\/uploads\/2025\/11\/miguel.png 1920w, https:\/\/netoconstrutor.com.br\/wp-content\/uploads\/2025\/11\/miguel-300x169.png 300w, https:\/\/netoconstrutor.com.br\/wp-content\/uploads\/2025\/11\/miguel-1024x576.png 1024w, https:\/\/netoconstrutor.com.br\/wp-content\/uploads\/2025\/11\/miguel-768x432.png 768w, https:\/\/netoconstrutor.com.br\/wp-content\/uploads\/2025\/11\/miguel-1536x864.png 1536w\" sizes=\"(max-width: 1920px) 100vw, 1920px\" \/><\/div><\/a>\n\t\t\t\t<div class=\"elementor-post__badge\">Dicas<\/div>\n\t\t\t\t<div class=\"elementor-post__text\">\n\t\t\t\t<div class=\"elementor-post__title\">\n\t\t\t<a href=\"https:\/\/netoconstrutor.com.br\/?p=540\" >\n\t\t\t\tO que fazer em S\u00e3o Miguel dos Milagres\t\t\t<\/a>\n\t\t<\/div>\n\t\t\t\t<div class=\"elementor-post__excerpt\">\n\t\t\t<p>S\u00e3o Miguel dos Milagres se resume \u00e0s praias, portanto, as atividades na cidade s\u00e3o no mar ou no seu entorno. H\u00e1 beach clubs com infraestutura<\/p>\n\t\t<\/div>\n\t\t\t\t<\/div>\n\t\t\t\t<div class=\"elementor-post__meta-data\">\n\t\t\t\t\t<span class=\"elementor-post-date\">\n\t\t\t3 de novembro de 2025\t\t<\/span>\n\t\t\t\t<\/div>\n\t\t\t\t\t<\/div>\n\t\t<\/article>\n\t\t\t\t<\/div>\n\t\t\n\t\t\t\t\t\t<\/div>\n\t\t\t\t<\/div>\n\t\t\t\t\t<\/div>\n\t\t\t\t<\/div>\n\t\t\t\t\t<\/div>\n\t\t\t\t<\/div>\n\t\t\t\t<\/div>\n\t\t","protected":false},"excerpt":{"rendered":"<p>Dicas e Novidades<\/p>\n","protected":false},"author":1,"featured_media":0,"parent":0,"menu_order":0,"comment_status":"closed","ping_status":"closed","template":"elementor_header_footer","meta":{"footnotes":""},"class_list":["post-543","page","type-page","status-publish","hentry"],"_links":{"self":[{"href":"https:\/\/netoconstrutor.com.br\/index.php?rest_route=\/wp\/v2\/pages\/543","targetHints":{"allow":["GET"]}}],"collection":[{"href":"https:\/\/netoconstrutor.com.br\/index.php?rest_route=\/wp\/v2\/pages"}],"about":[{"href":"https:\/\/netoconstrutor.com.br\/index.php?rest_route=\/wp\/v2\/types\/page"}],"author":[{"embeddable":true,"href":"https:\/\/netoconstrutor.com.br\/index.php?rest_route=\/wp\/v2\/users\/1"}],"replies":[{"embeddable":true,"href":"https:\/\/netoconstrutor.com.br\/index.php?rest_route=%2Fwp%2Fv2%2Fcomments&post=543"}],"version-history":[{"count":19,"href":"https:\/\/netoconstrutor.com.br\/index.php?rest_route=\/wp\/v2\/pages\/543\/revisions"}],"predecessor-version":[{"id":569,"href":"https:\/\/netoconstrutor.com.br\/index.php?rest_route=\/wp\/v2\/pages\/543\/revisions\/569"}],"wp:attachment":[{"href":"https:\/\/netoconstrutor.com.br\/index.php?rest_route=%2Fwp%2Fv2%2Fmedia&parent=543"}],"curies":[{"name":"wp","href":"https:\/\/api.w.org\/{rel}","templated":true}]}}